{"id":1269,"date":"2025-09-25T20:45:29","date_gmt":"2025-09-25T20:45:29","guid":{"rendered":"https:\/\/backtoroots.ch\/accueil\/?post_type=product&#038;p=1269"},"modified":"2026-05-06T13:23:05","modified_gmt":"2026-05-06T13:23:05","slug":"souchet-nature-en-vrac","status":"publish","type":"product","link":"https:\/\/backtoroots.ch\/accueil\/produit\/souchet-nature-en-vrac\/","title":{"rendered":"Souchet Nature (vrac)"},"content":{"rendered":"<div class=\"min-h-8 text-message flex w-full flex-col items-end gap-2 whitespace-normal break-words text-start [.text-message+&amp;]:mt-5\" dir=\"auto\" data-message-author-role=\"assistant\" data-message-id=\"3a4965c5-72d9-4468-8da2-c92f8b59182b\" data-message-model-slug=\"gpt-4o\">\n<div class=\"flex w-full flex-col gap-1 empty:hidden first:pt-[3px]\">\n<div class=\"markdown prose w-full break-words dark:prose-invert dark\">\n<p data-start=\"592\" data-end=\"904\">D\u00e9couvrez notre <strong data-start=\"608\" data-end=\"638\">Souchet Nature Bio en Vrac<\/strong>, un tr\u00e9sor de la nature encore m\u00e9connu, cultiv\u00e9 sans OGM, sans pesticides, sans gluten ni lactose. Aussi appel\u00e9 <strong data-start=\"751\" data-end=\"766\">noix tigr\u00e9e<\/strong>, <strong data-start=\"768\" data-end=\"787\">amande de terre<\/strong> ou <strong data-start=\"791\" data-end=\"805\">pois sucr\u00e9<\/strong>, ce tubercule ancestral est pris\u00e9 pour ses bienfaits nutritionnels et son go\u00fbt d\u00e9licatement sucr\u00e9.<\/p>\n<\/div>\n<p data-start=\"592\" data-end=\"904\">16,00CHF\/KG<\/p>\n<div class=\"markdown prose w-full break-words dark:prose-invert dark\">\n<hr data-start=\"906\" data-end=\"909\" \/>\n<h3 data-start=\"911\" data-end=\"942\"><strong data-start=\"915\" data-end=\"942\">Bienfaits et propri\u00e9t\u00e9s<\/strong><\/h3>\n<ul data-start=\"944\" data-end=\"1262\">\n<li data-start=\"944\" data-end=\"980\">\n<p data-start=\"946\" data-end=\"980\"><strong data-start=\"946\" data-end=\"963\">100 % naturel<\/strong>, sans allerg\u00e8nes<\/p>\n<\/li>\n<li data-start=\"981\" data-end=\"1047\">\n<p data-start=\"983\" data-end=\"1047\"><strong data-start=\"983\" data-end=\"1002\">Riche en fibres<\/strong>, potassium, magn\u00e9sium, fer, vitamines E et C<\/p>\n<\/li>\n<li data-start=\"1048\" data-end=\"1121\">\n<p data-start=\"1050\" data-end=\"1121\"><strong data-start=\"1050\" data-end=\"1075\">Indice glyc\u00e9mique bas<\/strong> : id\u00e9al pour les r\u00e9gimes sains ou diab\u00e9tiques<\/p>\n<\/li>\n<li data-start=\"1122\" data-end=\"1204\">\n<p data-start=\"1124\" data-end=\"1204\">Favorise la <strong data-start=\"1136\" data-end=\"1149\">digestion<\/strong>, la <strong data-start=\"1154\" data-end=\"1165\">sati\u00e9t\u00e9<\/strong> et l\u2019\u00e9quilibre de la flore intestinale<\/p>\n<\/li>\n<li data-start=\"1205\" data-end=\"1262\">\n<p data-start=\"1207\" data-end=\"1262\">Compatible <strong data-start=\"1218\" data-end=\"1227\">v\u00e9gan<\/strong>, <strong data-start=\"1229\" data-end=\"1244\">sans gluten<\/strong>, <strong data-start=\"1246\" data-end=\"1262\">sans lactose<\/strong><\/p>\n<\/li>\n<\/ul>\n<hr data-start=\"1264\" data-end=\"1267\" \/>\n<h3 data-start=\"1269\" data-end=\"1297\"><strong data-start=\"1273\" data-end=\"1297\">Utilisations id\u00e9ales<\/strong><\/h3>\n<ul data-start=\"1299\" data-end=\"1616\">\n<li data-start=\"1299\" data-end=\"1361\">\n<p data-start=\"1301\" data-end=\"1361\"><strong data-start=\"1301\" data-end=\"1315\">Snack sain<\/strong> : tel quel, croquant et naturellement sucr\u00e9<\/p>\n<\/li>\n<li data-start=\"1362\" data-end=\"1429\">\n<p data-start=\"1364\" data-end=\"1429\"><strong data-start=\"1364\" data-end=\"1386\">Boissons v\u00e9g\u00e9tales<\/strong> : base parfaite pour \u00ab\u00a0Horchata de Chufa\u00a0\u00bb<\/p>\n<\/li>\n<li data-start=\"1430\" data-end=\"1509\">\n<p data-start=\"1432\" data-end=\"1509\"><strong data-start=\"1432\" data-end=\"1455\">P\u00e2tisserie &amp; muesli<\/strong> : parfait pour bowls, granolas, barres \u00e9nerg\u00e9tiques<\/p>\n<\/li>\n<\/ul>\n<h3 data-start=\"2027\" data-end=\"2047\"><strong data-start=\"2031\" data-end=\"2047\">Vous \u00eates&#8230;<\/strong><\/h3>\n<p data-start=\"2049\" data-end=\"2201\"><strong data-start=\"2049\" data-end=\"2090\">Revendeur, boutique ou \u00e9picerie bio ?<\/strong><br data-start=\"2090\" data-end=\"2093\" \/>\u2192 Int\u00e9grez un produit rare et sain \u00e0 votre assortiment. Conditionnements adapt\u00e9s au vrac ou au r\u00e9-emballage.<\/p>\n<p data-start=\"2203\" data-end=\"2350\"><strong data-start=\"2203\" data-end=\"2260\">Transformateur, artisan, coffee shop ou boulangerie ?<\/strong><br data-start=\"2260\" data-end=\"2263\" \/>\u2192 Utilisez le souchet comme ingr\u00e9dient sain et tendance dans vos cr\u00e9ations ou boissons.<\/p>\n<hr data-start=\"2352\" data-end=\"2355\" \/>\n<h3 data-start=\"2357\" data-end=\"2391\"><strong data-start=\"2361\" data-end=\"2389\">Conseils de conservation<\/strong><\/h3>\n<p data-start=\"2392\" data-end=\"2488\">\u00c0 conserver dans un endroit frais et sec, \u00e0 l\u2019abri de la lumi\u00e8re. Bien refermer apr\u00e8s ouverture.<\/p>\n<\/div>\n<\/div>\n<\/div>\n","protected":false},"excerpt":{"rendered":"<p data-start=\"164\" data-end=\"376\">Tubercule bio du Niger, naturellement sucr\u00e9 et riche en fibres, fer, magn\u00e9sium et vitamines. Id\u00e9al en snack, boisson v\u00e9g\u00e9tale ou pour agr\u00e9menter vos recettes sans gluten. Une super graine aux multiples bienfaits.<\/p>\n<p data-start=\"378\" data-end=\"396\"><strong data-start=\"378\" data-end=\"396\">CHF 16.00 \/ kg<\/strong><\/p>\n","protected":false},"featured_media":1167,"comment_status":"open","ping_status":"closed","template":"","meta":{"_et_pb_use_builder":"","_et_pb_old_content":"","_et_gb_content_width":""},"product_brand":[],"product_cat":[54,56,82],"product_tag":[49,52,48,50,51],"class_list":{"0":"post-1269","1":"product","2":"type-product","3":"status-publish","4":"has-post-thumbnail","6":"product_cat-noix","7":"product_cat-noix-tigree","8":"product_cat-vrac","9":"product_tag-bio","10":"product_tag-gluten-free","11":"product_tag-noix-tigree","12":"product_tag-suisse","13":"product_tag-togo","15":"first","16":"instock","17":"taxable","18":"shipping-taxable","19":"purchasable","20":"product-type-simple"},"jetpack_sharing_enabled":true,"_links":{"self":[{"href":"https:\/\/backtoroots.ch\/accueil\/wp-json\/wp\/v2\/product\/1269","targetHints":{"allow":["GET"]}}],"collection":[{"href":"https:\/\/backtoroots.ch\/accueil\/wp-json\/wp\/v2\/product"}],"about":[{"href":"https:\/\/backtoroots.ch\/accueil\/wp-json\/wp\/v2\/types\/product"}],"replies":[{"embeddable":true,"href":"https:\/\/backtoroots.ch\/accueil\/wp-json\/wp\/v2\/comments?post=1269"}],"wp:featuredmedia":[{"embeddable":true,"href":"https:\/\/backtoroots.ch\/accueil\/wp-json\/wp\/v2\/media\/1167"}],"wp:attachment":[{"href":"https:\/\/backtoroots.ch\/accueil\/wp-json\/wp\/v2\/media?parent=1269"}],"wp:term":[{"taxonomy":"product_brand","embeddable":true,"href":"https:\/\/backtoroots.ch\/accueil\/wp-json\/wp\/v2\/product_brand?post=1269"},{"taxonomy":"product_cat","embeddable":true,"href":"https:\/\/backtoroots.ch\/accueil\/wp-json\/wp\/v2\/product_cat?post=1269"},{"taxonomy":"product_tag","embeddable":true,"href":"https:\/\/backtoroots.ch\/accueil\/wp-json\/wp\/v2\/product_tag?post=1269"}],"curies":[{"name":"wp","href":"https:\/\/api.w.org\/{rel}","templated":true}]}}