{"id":1783,"date":"2025-12-06T23:39:49","date_gmt":"2025-12-06T23:39:49","guid":{"rendered":"https:\/\/backtoroots.ch\/accueil\/?post_type=product&#038;p=1783"},"modified":"2026-03-10T10:36:48","modified_gmt":"2026-03-10T10:36:48","slug":"cacahuete-mini","status":"publish","type":"product","link":"https:\/\/backtoroots.ch\/accueil\/produit\/cacahuete-mini\/","title":{"rendered":"Cacahu\u00e8tes mini 225g"},"content":{"rendered":"<p><strong>D\u00e9couvrez nos Cacahu\u00e8tes Grill\u00e9es en mini bouteille de 225 g \u00e0 grignoter partout : authentiques, saines et savoureuses<\/strong> Issu d\u2019une agriculture sans pesticides et en cours de certification biologique, ce produit est un hommage aux saveurs naturelles et au savoir-faire traditionnel du Togo. <strong>Propri\u00e9t\u00e9s du produit :<\/strong><\/p>\n<ul>\n<li><strong>100% naturel<\/strong> : sans conservateurs, sans colorants, et sans huile ajout\u00e9e<\/li>\n<li><strong>L\u00e9g\u00e8rement sal\u00e9<\/strong> pour une saveur \u00e9quilibr\u00e9e<\/li>\n<li><strong>Disponible sans sel<\/strong> sur commande pour s\u2019adapter \u00e0 vos besoins alimentaires<\/li>\n<\/ul>\n<p><strong>Formats disponibles :<\/strong><\/p>\n<ul>\n<li>Paquets de 250g, bouteille de 500g et 225g, 1kg et plus (sur commande)<\/li>\n<\/ul>\n<p><strong>Provenance :<\/strong> Cultiv\u00e9es sur notre ferme au sud du Togo, nos cacahu\u00e8tes sont torr\u00e9fi\u00e9es en petites quantit\u00e9s selon une m\u00e9thode traditionnelle qui pr\u00e9serve leur qualit\u00e9 et r\u00e9v\u00e8le une saveur unique, reflet de leur terroir d&rsquo;origine. <strong>Engagements :<\/strong><\/p>\n<ul>\n<li><strong>Un impact positif<\/strong> : En achetant ce produit, vous soutenez l\u2019entrepreneuriat f\u00e9minin et contribuez au d\u00e9veloppement d\u2019une \u00e9conomie durable dans les zones rurales du Togo.<\/li>\n<\/ul>\n<p><strong>Id\u00e9ales pour :<\/strong><\/p>\n<ul>\n<li>Une collation saine et nutritive \u00e0 tout moment de la journ\u00e9e<\/li>\n<li>Agr\u00e9menter vos recettes ou vos ap\u00e9ritifs<\/li>\n<\/ul>\n<p><strong>Faites le choix d\u2019un produit savoureux et \u00e9thique avec nos cacahu\u00e8tes grill\u00e9es Back to Roots.<\/strong><\/p>\n","protected":false},"excerpt":{"rendered":"<p><strong>D\u00e9couvrez nos Cacahu\u00e8tes Grill\u00e9es : authentiques, saines et savoureuses<\/strong><\/p>\n<p>Issu d\u2019une agriculture sans pesticides et en cours de certification biologique, ce produit est un hommage aux saveurs naturelles et au savoir-faire traditiaonnel du Togo.<\/p>\n<p><strong>Propri\u00e9t\u00e9s du produit :<\/strong><\/p>\n<ul>\n<li><strong>100% naturel<\/strong> : sans conservateurs, sans colorants, et sans huile ajout\u00e9e<\/li>\n<li><strong>L\u00e9g\u00e8rement sal\u00e9<\/strong> pour une saveur \u00e9quilibr\u00e9e<\/li>\n<li><strong>Disponible sans sel<\/strong> sur commande pour s\u2019adapter \u00e0 vos besoins alimentaires<\/li>\n<\/ul>\n","protected":false},"featured_media":1784,"comment_status":"open","ping_status":"closed","template":"","meta":{"_et_pb_use_builder":"","_et_pb_old_content":"","_et_gb_content_width":""},"product_brand":[],"product_cat":[53,54],"product_tag":[49,52,48,50,51],"class_list":{"0":"post-1783","1":"product","2":"type-product","3":"status-publish","4":"has-post-thumbnail","6":"product_cat-cacahuetes","7":"product_cat-noix","8":"product_tag-bio","9":"product_tag-gluten-free","10":"product_tag-noix-tigree","11":"product_tag-suisse","12":"product_tag-togo","14":"first","15":"instock","16":"featured","17":"taxable","18":"shipping-taxable","19":"purchasable","20":"product-type-simple"},"jetpack_sharing_enabled":true,"_links":{"self":[{"href":"https:\/\/backtoroots.ch\/accueil\/wp-json\/wp\/v2\/product\/1783","targetHints":{"allow":["GET"]}}],"collection":[{"href":"https:\/\/backtoroots.ch\/accueil\/wp-json\/wp\/v2\/product"}],"about":[{"href":"https:\/\/backtoroots.ch\/accueil\/wp-json\/wp\/v2\/types\/product"}],"replies":[{"embeddable":true,"href":"https:\/\/backtoroots.ch\/accueil\/wp-json\/wp\/v2\/comments?post=1783"}],"wp:featuredmedia":[{"embeddable":true,"href":"https:\/\/backtoroots.ch\/accueil\/wp-json\/wp\/v2\/media\/1784"}],"wp:attachment":[{"href":"https:\/\/backtoroots.ch\/accueil\/wp-json\/wp\/v2\/media?parent=1783"}],"wp:term":[{"taxonomy":"product_brand","embeddable":true,"href":"https:\/\/backtoroots.ch\/accueil\/wp-json\/wp\/v2\/product_brand?post=1783"},{"taxonomy":"product_cat","embeddable":true,"href":"https:\/\/backtoroots.ch\/accueil\/wp-json\/wp\/v2\/product_cat?post=1783"},{"taxonomy":"product_tag","embeddable":true,"href":"https:\/\/backtoroots.ch\/accueil\/wp-json\/wp\/v2\/product_tag?post=1783"}],"curies":[{"name":"wp","href":"https:\/\/api.w.org\/{rel}","templated":true}]}}