{"id":934,"date":"2025-07-09T14:40:13","date_gmt":"2025-07-09T14:40:13","guid":{"rendered":"https:\/\/backtoroots.ch\/accueil\/?post_type=product&#038;p=934"},"modified":"2025-09-30T17:02:48","modified_gmt":"2025-09-30T17:02:48","slug":"flocons-de-noix-tigree","status":"publish","type":"product","link":"https:\/\/backtoroots.ch\/accueil\/produit\/flocons-de-noix-tigree\/","title":{"rendered":"Flocons de Noix Tigr\u00e9e"},"content":{"rendered":"<p><strong>D\u00e9couvrez nos Flocons de Souchet : une touche naturelle pour vos repas et collations<\/strong><\/p>\n<p>Offrez \u00e0 votre quotidien un superaliment d\u00e9licieux et nutritif avec les flocons de souchet, parfaits pour agr\u00e9menter vos petits-d\u00e9jeuners, desserts ou recettes sal\u00e9es.<\/p>\n<p><strong>Propri\u00e9t\u00e9s du produit :<\/strong><\/p>\n<ul>\n<li><strong>100% naturel<\/strong> : sans additifs ni conservateurs<\/li>\n<li><strong>Riche en fibres<\/strong> : id\u00e9al pour soutenir une digestion saine<\/li>\n<li><strong>Polyvalent<\/strong> : convient aussi bien aux pr\u00e9parations sucr\u00e9es que sal\u00e9es<\/li>\n<\/ul>\n<p><strong>Formats disponibles :<\/strong><\/p>\n<ul>\n<li>Sachet de 150g<\/li>\n<\/ul>\n<p><strong>Id\u00e9es de consommation :<\/strong><\/p>\n<ul>\n<li><strong>Petit-d\u00e9jeuner<\/strong> : Ajoutez-les \u00e0 vos yaourts, mueslis, porridges ou smoothies<\/li>\n<li><strong>Recettes sucr\u00e9es<\/strong> : Parfaits dans les cakes, p\u00e2tisseries, cookies<\/li>\n<li><strong>Recettes sal\u00e9es<\/strong> : Int\u00e9grez-les dans vos salades pour une texture croquante et nutritive<\/li>\n<\/ul>\n<p><strong>Un choix sain et polyvalent :<\/strong><br \/>\nLes flocons de souchet sont l\u2019alli\u00e9 id\u00e9al pour enrichir vos repas avec des saveurs authentiques et des bienfaits nutritionnels.<\/p>\n<p><strong>Adoptez les flocons de souchet Back to Roots et d\u00e9couvrez une nouvelle fa\u00e7on de savourer le naturel !<\/strong><\/p>\n","protected":false},"excerpt":{"rendered":"<p><strong>D\u00e9couvrez nos Flocons de Souchet : une touche naturelle pour vos repas et collations<\/strong><\/p>\n<p>Offrez \u00e0 votre quotidien un superaliment d\u00e9licieux et nutritif avec les flocons de souchet, parfaits pour agr\u00e9menter vos petits-d\u00e9jeuners, desserts ou recettes sal\u00e9es.<\/p>\n<p><strong>Propri\u00e9t\u00e9s du produit :<\/strong><\/p>\n<ul>\n<li><strong>100% naturel<\/strong> : sans additifs ni conservateurs<\/li>\n<li><strong>Riche en fibres<\/strong> : id\u00e9al pour soutenir une digestion saine<\/li>\n<li><strong>Polyvalent<\/strong> : convient aussi bien aux pr\u00e9parations sucr\u00e9es que sal\u00e9es<\/li>\n<\/ul>\n<p><strong>Formats disponibles :<\/strong><\/p>\n<ul>\n<li>Sachet de 150g<\/li>\n<\/ul>\n<p><strong>Id\u00e9es de consommation :<\/strong><\/p>\n<ul>\n<li><strong>Petit-d\u00e9jeuner<\/strong> : Ajoutez-les \u00e0 vos yaourts, mueslis, porridges ou smoothies<\/li>\n<li><strong>Recettes sucr\u00e9es<\/strong> : Parfaits dans les cakes, p\u00e2tisseries, cookies<\/li>\n<li><strong>Recettes sal\u00e9es<\/strong> : Int\u00e9grez-les dans vos salades pour une texture croquante et nutritive<\/li>\n<\/ul>\n","protected":false},"featured_media":398,"comment_status":"open","ping_status":"closed","template":"","meta":{"_et_pb_use_builder":"","_et_pb_old_content":"","_et_gb_content_width":""},"product_brand":[],"product_cat":[33,34],"product_tag":[49,52,48,50,51],"class_list":{"0":"post-934","1":"product","2":"type-product","3":"status-publish","4":"has-post-thumbnail","6":"product_cat-farine","7":"product_cat-graine","8":"product_tag-bio","9":"product_tag-gluten-free","10":"product_tag-noix-tigree","11":"product_tag-suisse","12":"product_tag-togo","14":"first","15":"instock","16":"taxable","17":"shipping-taxable","18":"purchasable","19":"product-type-simple"},"jetpack_sharing_enabled":true,"_links":{"self":[{"href":"https:\/\/backtoroots.ch\/accueil\/wp-json\/wp\/v2\/product\/934","targetHints":{"allow":["GET"]}}],"collection":[{"href":"https:\/\/backtoroots.ch\/accueil\/wp-json\/wp\/v2\/product"}],"about":[{"href":"https:\/\/backtoroots.ch\/accueil\/wp-json\/wp\/v2\/types\/product"}],"replies":[{"embeddable":true,"href":"https:\/\/backtoroots.ch\/accueil\/wp-json\/wp\/v2\/comments?post=934"}],"wp:featuredmedia":[{"embeddable":true,"href":"https:\/\/backtoroots.ch\/accueil\/wp-json\/wp\/v2\/media\/398"}],"wp:attachment":[{"href":"https:\/\/backtoroots.ch\/accueil\/wp-json\/wp\/v2\/media?parent=934"}],"wp:term":[{"taxonomy":"product_brand","embeddable":true,"href":"https:\/\/backtoroots.ch\/accueil\/wp-json\/wp\/v2\/product_brand?post=934"},{"taxonomy":"product_cat","embeddable":true,"href":"https:\/\/backtoroots.ch\/accueil\/wp-json\/wp\/v2\/product_cat?post=934"},{"taxonomy":"product_tag","embeddable":true,"href":"https:\/\/backtoroots.ch\/accueil\/wp-json\/wp\/v2\/product_tag?post=934"}],"curies":[{"name":"wp","href":"https:\/\/api.w.org\/{rel}","templated":true}]}}